{"id":1395,"date":"2022-10-13T20:22:27","date_gmt":"2022-10-13T20:22:27","guid":{"rendered":"https:\/\/pressel-nike.de\/?page_id=1395"},"modified":"2022-12-12T20:56:44","modified_gmt":"2022-12-12T20:56:44","slug":"was-nicht-passt-wird-passend-gemacht","status":"publish","type":"page","link":"https:\/\/pressel-nike.de\/?page_id=1395","title":{"rendered":"Was nicht passt, wird passend gemacht!"},"content":{"rendered":"\n<p class=\"has-small-font-size\">Beitrag von Richard Pressel, Organisationsberater und Managementcoach, Bruder v. Gisela Pressel<\/p>\n\n\n\n<p>\u201eWas nicht passt, wird passend gemacht!\u201c<br>Den Spruch kennt jeder, der schon einmal handwerklich unterwegs gewesen ist. Was bei der Heimwerkerei oft mit einem kernigen Hammerschlag behoben werden kann, erweist sich im Alltag des Lebens als untauglicher Ansatz. <\/p>\n\n\n\n<p>Die Dinge in meinem Leben \u201ewieder passend\u201c zu machen, ist ein verst\u00e4ndliches Bed\u00fcrfnis, nur das mit dem Hammer als Werkzeug zur Probleml\u00f6sung eben nicht. Das gibt Beulen. <\/p>\n\n\n\n<p>Um was geht es? Es geht um <strong>Inkoh\u00e4renz<\/strong>, das sich mal schleichend entwickelnde oder auch pl\u00f6tzlich auftretende Empfinden: <\/p>\n\n\n\n<blockquote class=\"wp-block-quote is-layout-flow wp-block-quote-is-layout-flow\"><p>\u201eDa passt etwas nicht mehr zusammen!\u201c. Inkoh\u00e4renz ist der Ausgangspunkt f\u00fcr Ver\u00e4nderung. Weil Koh\u00e4renz das nat\u00fcrliche Bed\u00fcrfnis des Menschen ist. <\/p><\/blockquote>\n\n\n\n<p>R\u00fcdiger Dahlke hat in seinem Buch \u201eDas Alter als Geschenk\u201c (Goldmann Verlag 2021, S.21 ff.) im Kapitel \u201eIns Gleichgewicht kommen und mitschwingen\u201c die Begriffe Koh\u00e4renz\/Inkoh\u00e4renz beschrieben. <\/p>\n\n\n\n<blockquote class=\"wp-block-quote is-layout-flow wp-block-quote-is-layout-flow\"><p>\u201eKoh\u00e4renz ergibt sich, wenn wir verarbeiten und bew\u00e4ltigen k\u00f6nnen, was immer uns geschieht, sodass wir wieder ins Gleichgewicht kommen und mit unserem Leben im Reinen sind. \u2026 So sind wir imstande, innerlich eine L\u00f6sung zu finden und alles wieder in Ordnung zu bringen, dass es f\u00fcr uns passt.\u201c<\/p><cite>(ebenda S. 22)<\/cite><\/blockquote>\n\n\n\n<p>  \u201eAus neurobiologischer Perspektive empfindet man einen Zustand des Gl\u00fccks immer dann, wenn man einen inkoh\u00e4renten Zustand durch eigene Anstrengung in einen koh\u00e4renten Zustand verwandeln kann. Das Hirn strebt diesen Zustand st\u00e4ndig an, weil der Energieverbrauch so am niedrigsten ist.\u201c (Gerald H\u00fcther) (1) <\/p>\n\n\n\n<p>Ersetzen wir den Begriff \u201eGl\u00fcck\u201c durch \u201eWohlbefinden\u201c, dann landen wir bei dem Konzept der \u201eSalutogenese\u201c. Mit der Wortsch\u00f6pfung Salutogenese (lat. salus = Gesundheit, Heil, Gl\u00fcck und griech. g\u00e9nesis = Entstehung, Entwicklung) hat der israelisch amerikanische Medizinsoziologe und Stressforscher Aaron Antonovsky (1923-1994) in den 70er Jahren die Frage nach der Entstehung von Gesundheit, nach einer gesunden Entwicklung des Menschen in die moderne Wissenschaft gebracht.<br>N\u00e4heres dazu findet Ihr auch in dem Blogbeitrag \u201eEnergie und Wohlbefinden\u201c, in dem Gisela Pressel ihr im Rahmen von Coaching und Supervision eingesetztes Koh\u00e4renzmodel skizziert. <\/p>\n\n\n\n<blockquote class=\"wp-block-quote is-layout-flow wp-block-quote-is-layout-flow\"><p>\u201eMenschen haben das Grundbed\u00fcrfnis, in einer Welt zu leben, in der sie immer wieder in der Lage sind, dass sie das, was auf sie eindringt und sie belastet, durch eigenes Zutun wieder f\u00fcr sie stimmiger, aushaltbarer \u2013 koh\u00e4renter \u2013 zu machen.\u201c <\/p><cite>(Blog \u201eEnergie &amp; Wohlbefinden)<\/cite><\/blockquote>\n\n\n\n<p>Noch einmal zur \u00dcberschrift: \u201eWas nicht passt, wird passend gemacht!\u201c. Dass das mit dem Hammer \u201e&#8230;wird passend gemacht!\u201c nicht funktioniert, d\u00fcrfte einleuchten. Pers\u00f6nliche Ver\u00e4nderungs- oder Entwicklungsarbeit hei\u00dft \u201edicke Bretter bohren\u201c, braucht Aufmerksamkeit und Zeit, ehe sich ein \u201ekoh\u00e4renter=passender\u201c Zustand einstellt. Ich m\u00f6chte etwas tiefer auf den ersten Teil \u201eWas nicht passt,&#8230;\u201c. eingehen. <\/p>\n\n\n\n<p>Warum scheint das relevant zu sein?! Weil der Einstieg in eine pers\u00f6nliche Ver\u00e4nderung immer nur dann in Gang kommt, wenn das Empfinden auf \u201eda passt etwas nicht (zusammen)!\u201c schaltet und \u2013 was noch entscheidender ist \u2013 dies auch tats\u00e4chlich ins Bewusstsein gelangt und dadurch einer Beobachtung und Wahrnehmung \u2013 somit einer aufmerksamen Reflexion \u2013 zug\u00e4nglich wird. Erst dann geht \u0301s los! Allerdings, wie bekomme ich im Trubel des t\u00e4glichen Lebens \u00fcberhaupt mit, dass da etwas<\/p>\n\n\n\n<ul class=\"wp-block-list\"><li>in Schieflage geraten ist<\/li><li>nicht mehr zusammen passt<\/li><li>in Unordnung gekommen ist<\/li><li>aus dem Blickfeld geraten ist<\/li><li>durcheinandergeraten ist<\/li><li>&#8230;?\u201c<\/li><\/ul>\n\n\n\n<p>man &#8211; wie Gerald H\u00fcther und andere es nennen w\u00fcrden &#8211; \u201ein einen inkoh\u00e4renten Zustand geraten ist!\u201c. <\/p>\n\n\n\n<blockquote class=\"wp-block-quote is-layout-flow wp-block-quote-is-layout-flow\"><p>Wie nehme ich die zu Beginn oft noch schwachen Signale wahr, die auf eine \u201eInkoh\u00e4renz\u201c hindeuten und wie \u00e4u\u00dfern sie sich in meinen Gedanken- und Gef\u00fchlswelten? <\/p><\/blockquote>\n\n\n\n<p>Einfach, nur die einschl\u00e4gigen B\u00fccher lesen? Tischinger: \u201eAuf die Seele h\u00f6ren\u201c \/ Dobos: \u201eDie gestresste Seele\u201c \/ Nidiaye: \u201eWieder f\u00fchlen lernen\u201c \/ Welding: \u201eF\u00fchlen lernen\u201c \/ Wengenroth: \u201eDas Leben annehmen\u201c \/ H\u00fcther: \u201eDie Macht der inneren Bilder\u201c u.v.a.m. Diese und viele andere mehr, besch\u00e4ftigen sich mit dem Prozess der pers\u00f6nlichen Entwicklung und Ver\u00e4nderung, der L\u00f6sung von dr\u00e4ngenden Lebensfragen. Sie beinhalten wertvolle Hinweise und Empfehlungen, machen Einiges klarer und verst\u00e4ndlicher, was uns im Leben begegnet und auch weiterbringen kann. <\/p>\n\n\n\n<p>Ich selbst habe \u00f6fters die Erfahrung gemacht, dass es manchmal seine Zeit braucht, ehe es \u201eklingelt\u201c und die Erkenntnis w\u00e4chst: \u201eDas passt nicht mehr, in deinem Leben stehen die Zeichen auf Ver\u00e4nderung!\u201c Etwas m\u00fchsam habe ich selbst lernen m\u00fcssen (d\u00fcrfen?), die schwachen Signale zu h\u00f6ren, den auftauchenden Gef\u00fchlen Raum zu geben und auch mal innezuhalten und zuzulassen, was sich da anbahnt. Gerald H\u00fcther dazu: <\/p>\n\n\n\n<blockquote class=\"wp-block-quote is-layout-flow wp-block-quote-is-layout-flow\"><p>\u201eDas Unterdr\u00fccken von emotionalen Botschaften f\u00fchrt dazu, dass Menschen den Kontakt zu sich selbst verlieren.\u201c <\/p><\/blockquote>\n\n\n\n<p>Tausend Glaubenss\u00e4tze wurden schon in die Welt gesetzt, um solche Botschaften wirksam zu ignorieren und zu unterdr\u00fccken:<\/p>\n\n\n\n<ul class=\"wp-block-list\"><li>man kann nicht immer nur nach Gef\u00fchlen handeln<\/li><li>das Leben ist kein Ponyhof<\/li><li>das Leben ist kein Wunschkonzert<\/li><li>man kann eh nichts daran \u00e4ndern<\/li><li>das geht wieder vorbei<\/li><li>das liegt nicht in meiner Hand<\/li><li>\u00fcbertreibe nicht, geht wieder vorbei<\/li><li>lieber wegsp\u00fcren, sonst muss ich ja etwas \u00e4ndern<\/li><li>&#8230;<\/li><\/ul>\n\n\n\n<p>Ich m\u00f6chte dazu ermutigen, auch diese auftauchenden Glaubenss\u00e4tze ernst zu nehmen. Sie sind oft erst recht ein Hinweis auf anstehende Ver\u00e4nderungen. Sie sind Hinweis darauf, dass da etwas im Argen liegt. Etwas, an das wir ggf. noch nicht ranwollen, was uns verunsichert, vor dessen Konsequenzen wir uns scheuen oder was nicht sein kann, weil \u0301s nicht sein darf. Warum sonst sollten sich meine Gedanken und Gef\u00fchle die M\u00fche machen, mit solchen schnell bei der Hand verf\u00fcgbaren Glaubenss\u00e4tzen die schwachen Signale zu \u00fcbert\u00f6nen? Es ist jetzt meine Entscheidung, auf was ich h\u00f6re, welchen Gedanken und Gef\u00fchlen ich folge \u2013 den Signalen aus der Fraktion \u201eDa passt was nicht zusammen!\u201c oder den inneren Botschaftern aus der Fraktion: \u201eLass mal, ein bisschen Inkoh\u00e4renz wirft einen nicht um!\u201c <\/p>\n\n\n\n<p>Woran kann ich also feststellen, dass mein innerer Kompass nicht mehr stimmig ist und es an der Zeit ist, wieder f\u00fcr Koh\u00e4renz=Stimmigkeit zu sorgen? Wie kann ich die wie kleine Blitze auftauchenden Gedankensplitter festhalten, die schwache Signale einer bevorstehenden Ver\u00e4nderungsnotwendigkeit sind. Manchmal sind das schon sehr existentielle Fragen, welche oft Verunsicherung und \u00c4ngste ausl\u00f6sen \u2013 also besser weg damit und weiter schaffen? Eigentlich gibt es nur eine M\u00f6glichkeit: <\/p>\n\n\n\n<blockquote class=\"wp-block-quote is-layout-flow wp-block-quote-is-layout-flow\"><p>\u201eSich selbst und den auftauchenden inneren Botschaften zuh\u00f6ren!\u201c  <\/p><\/blockquote>\n\n\n\n<p>Weshalb laufe ich eigentlich in dieser Welt umeinander, weshalb bin ich da?<\/p>\n\n\n\n<ul class=\"wp-block-list\"><li>was f\u00fcr einer\/eine will ich eigentlich sein?<\/li><li>alles was recht ist, war \u0301s das jetzt?<\/li><li>irgendwo habe ich die Abzweigung verpasst!<\/li><li>wo ist sie, die Lebenslust und -freude?<\/li><li>ich hatte mal Tr\u00e4ume, aber&#8230;?<\/li><li>und die n\u00e4chsten zwanzig Jahre dasselbe Spiel?<\/li><li>&#8230;.<\/li><\/ul>\n\n\n\n<p>Coaching kann helfen, diese \u201eschwachen Signale\u201c aufzugreifen, sie h\u00f6r- und verstehbar zu machen und unterst\u00fctzt die Suche nach der Antwort auf die auftauchenden Fragen. Coaching greift die \u201eschwachen Signale\u201c auf, hilft sie h\u00f6r- und verstehbar zu machen und unterst\u00fctzt die Suche nach der Antwort auf die auftauchenden Fragen. Dabei hilft eine Botschaft, welche ich gerne im Coaching einsetze:<\/p>\n\n\n\n<blockquote class=\"wp-block-quote is-layout-flow wp-block-quote-is-layout-flow\"><p> \u201eVer\u00e4nderungsenergie entsteht aus dem Spannungsfeld der derzeitigen Lebenssituation (=Inkoh\u00e4renz) und den Vorstellungen \u00fcber eine erstrebenswerte Zukunft (=Koh\u00e4renz)!\u201c<\/p><\/blockquote>\n\n\n\n<p><br>Richard Pressel<\/p>\n\n\n\n<p class=\"has-small-font-size\">1) (Gerald H\u00fcther in einem Auszug aus der Studie \u201eSiegeszug der Emotionen \u2013 Erfolgreich in die intensivste<br>Wirtschaft aller Zeiten\u201c \u2013 nachzulesen auf https:\/\/onlineshop.zukunftsinstitut.de\/)<\/p>\n\n\n\n<p><canvas width=\"1245\" height=\"1755\"><\/p>\n\n\n\n<p><canvas width=\"1245\" height=\"1755\">\uf0b7in Unordnung gekommen ist<br>\uf0b7aus dem Blickfeld geraten ist<br>\uf0b7durcheinandergeraten ist<br>\uf0b7&#8230;?\u201c<br>man &#8211; wie Gerald H\u00fcther und andere es nennen w\u00fcrden &#8211; \u201ein einen inkoh\u00e4renten Zustand<br>geraten ist!\u201c.<br>Wie nehme ich die zu Beginn oft noch schwachen Signale wahr, die auf eine \u201eInkoh\u00e4renz\u201c<br>hindeuten und wie \u00e4u\u00dfern sie sich in meinen Gedanken- und Gef\u00fchlswelten?<br>Einfach, nur die einschl\u00e4gigen B\u00fccher lesen?<br>Tischinger: \u201eAuf die Seele h\u00f6ren\u201c \/ Dobos: \u201eDie gestresste Seele\u201c \/ Nidiaye:<br>\u201eWieder f\u00fchlen lernen\u201c \/ Welding: \u201eF\u00fchlen lernen\u201c \/ Wengenroth: \u201eDas Leben<br>annehmen\u201c \/ H\u00fcther: \u201eDie Macht der inneren Bilder\u201c u.v.a.m.<br>Diese und viele andere mehr, besch\u00e4ftigen sich mit dem Prozess der pers\u00f6nlichen<br>Entwicklung und Ver\u00e4nderung, der L\u00f6sung von dr\u00e4ngenden Lebensfragen. Sie beinhalten<br>wertvolle Hinweise und Empfehlungen, machen Einiges klarer und verst\u00e4ndlicher, was<br>uns im Leben begegnet und auch weiterbringen kann.<br>Ich selbst habe \u00f6fters die Erfahrung gemacht, dass es manchmal seine Zeit braucht, ehe<br>es \u201eklingelt\u201c und die Erkenntnis w\u00e4chst: \u201eDas passt nicht mehr, in deinem Leben stehen<br>die Zeichen auf Ver\u00e4nderung!\u201c Etwas m\u00fchsam habe ich selbst lernen m\u00fcssen (d\u00fcrfen?),<br>die schwachen Signale zu h\u00f6ren, den auftauchenden Gef\u00fchlen Raum zu geben und auch<br>mal innezuhalten und zuzulassen, was sich da anbahnt. Gerald H\u00fcther dazu: \u201eDas<br>Unterdr\u00fccken von emotionalen Botschaften f\u00fchrt dazu, dass Menschen den Kontakt zu<br>sich selbst verlieren.\u201c<br>Tausend Glaubenss\u00e4tze wurden schon in die Welt gesetzt, um solche Botschaften<br>wirksam zu ignorieren und zu unterdr\u00fccken:<br>\uf0b7man kann nicht immer nur nach Gef\u00fchlen handeln<br>\uf0b7das Leben ist kein Ponyhof<br>\uf0b7das Leben ist kein Wunschkonzert<br>\uf0b7man kann eh nichts daran \u00e4ndern<br>\uf0b7das geht wieder vorbei<br>\uf0b7das liegt nicht in meiner Hand<br>\uf0b7\u00fcbertreibe nicht, geht wieder vorbei<br>\uf0b7lieber wegsp\u00fcren, sonst muss ich ja etwas \u00e4ndern<br>\uf0b7&#8230;<br>Ich m\u00f6chte dazu ermutigen, auch diese auftauchenden Glaubenss\u00e4tze ernst zu nehmen.<br>Sie sind oft erst recht ein Hinweis auf anstehende Ver\u00e4nderungen. Sie sind Hinweis<br>darauf, dass da etwas im Argen liegt. Etwas, an das wir ggf. noch nicht ranwollen, was<br>uns verunsichert, vor dessen Konsequenzen wir uns scheuen oder was nicht sein kann,<br>weil \u0301s nicht sein darf.<br>Warum sonst sollten sich meine Gedanken und Gef\u00fchle die M\u00fche machen, mit solchen<br>schnell bei der Hand verf\u00fcgbaren Glaubenss\u00e4tzen die schwachen Signale zu \u00fcbert\u00f6nen?<br>Es ist jetzt meine Entscheidung, auf was ich h\u00f6re, welchen Gedanken und Gef\u00fchlen ich<br>folge \u2013 den Signalen aus der Fraktion \u201eDa passt was nicht zusammen!\u201c oder den inneren<br>Botschaftern aus der Fraktion: \u201eLass mal, ein bisschen Inkoh\u00e4renz wirft einen nicht um!\u201c<br>Woran kann ich also feststellen, dass mein innerer Kompass nicht mehr stimmig ist und<br>es an der Zeit ist, wieder f\u00fcr Koh\u00e4renz=Stimmigkeit zu sorgen? Wie kann ich die wie<br>kleine Blitze auftauchenden Gedankensplitter festhalten, die schwache Signale einer<br>bevorstehenden Ver\u00e4nderungsnotwendigkeit sind. Manchmal sind das schon sehr<br>existentielle Fragen, welche oft Verunsicherung und \u00c4ngste ausl\u00f6sen \u2013 also besser weg<br>damit und weiter schaffen?<br>Eigentlich gibt es nur eine M\u00f6glichkeit: \u201eSich selbst und den auftauchenden inneren<br>Botschaften zuh\u00f6ren!\u201c<canvas width=\"1245\" height=\"1755\">\uf0b7weshalb laufe ich eigentlich in dieser Welt umeinander, weshalb bin ich da?<br>\uf0b7was f\u00fcr einer\/eine will ich eigentlich sein?<br>\uf0b7alles was recht ist, war \u0301s das jetzt?<br>\uf0b7irgendwo habe ich die Abzweigung verpasst!<br>\uf0b7wo ist sie, die Lebenslust und -freude?<br>\uf0b7ich hatte mal Tr\u00e4ume, aber&#8230;?<br>\uf0b7und die n\u00e4chsten zwanzig Jahre dasselbe Spiel?<br>\uf0b7&#8230;.<br>Coaching kann helfen, diese \u201eschwachen Signale\u201c aufzugreifen, sie h\u00f6r- und verstehbar<br>zu machen und unterst\u00fctzt die Suche nach der Antwort auf die auftauchenden Fragen.<br>Coaching greift die \u201eschwachen Signale\u201c auf, hilft sie h\u00f6r- und verstehbar zu machen und unterst\u00fctzt<br>die Suche nach der Antwort auf die auftauchenden Fragen.<br>Dabei hilft ein Modell, welches ich gerne im Coaching einsetze. Seine Botschaft ist:<br>\u201eVer\u00e4nderungsenergie entsteht aus dem Spannungsfeld der derzeitigen Lebenssituation<br>(=Inkoh\u00e4renz) und den Vorstellungen \u00fcber eine erstrebenswerte Zukunft (=Koh\u00e4renz)!\u201c<br>Richard Pressel<br>1) (Gerald H\u00fcther in einem Auszug aus der Studie \u201eSiegeszug der Emotionen \u2013 Erfolgreich in die intensivste<br>Wirtschaft aller Zeiten\u201c \u2013 nachzulesen auf https:\/\/onlineshop.zukunftsinstitut.de\/)<\/p>\n","protected":false},"excerpt":{"rendered":"<p>Beitrag von Richard Pressel, Organisationsberater und Managementcoach, Bruder v. Gisela Pressel \u201eWas nicht passt, wird passend gemacht!\u201cDen Spruch kennt jeder, der schon einmal handwerklich unterwegs gewesen ist. Was bei der &hellip; <a href=\"https:\/\/pressel-nike.de\/?page_id=1395\" class=\"more-link\"><span class=\"screen-reader-text\">Was nicht passt, wird passend gemacht!<\/span> weiterlesen<\/a><\/p>\n","protected":false},"author":2,"featured_media":1132,"parent":0,"menu_order":0,"comment_status":"closed","ping_status":"closed","template":"","meta":{"footnotes":""},"class_list":["post-1395","page","type-page","status-publish","has-post-thumbnail","hentry"],"yoast_head":"<!-- This site is optimized with the Yoast SEO plugin v22.6 - https:\/\/yoast.com\/wordpress\/plugins\/seo\/ -->\n<title>Was nicht passt, wird passend gemacht! - Gisela Pressel Coaching &amp; Supervision<\/title>\n<meta name=\"robots\" content=\"index, follow, max-snippet:-1, max-image-preview:large, max-video-preview:-1\" \/>\n<link rel=\"canonical\" href=\"https:\/\/pressel-nike.de\/?page_id=1395\" \/>\n<meta property=\"og:locale\" content=\"de_DE\" \/>\n<meta property=\"og:type\" content=\"article\" \/>\n<meta property=\"og:title\" content=\"Was nicht passt, wird passend gemacht! - Gisela Pressel Coaching &amp; Supervision\" \/>\n<meta property=\"og:description\" content=\"Beitrag von Richard Pressel, Organisationsberater und Managementcoach, Bruder v. Gisela Pressel \u201eWas nicht passt, wird passend gemacht!\u201cDen Spruch kennt jeder, der schon einmal handwerklich unterwegs gewesen ist. Was bei der &hellip; Was nicht passt, wird passend gemacht! weiterlesen\" \/>\n<meta property=\"og:url\" content=\"https:\/\/pressel-nike.de\/?page_id=1395\" \/>\n<meta property=\"og:site_name\" content=\"Gisela Pressel Coaching &amp; Supervision\" \/>\n<meta property=\"article:modified_time\" content=\"2022-12-12T20:56:44+00:00\" \/>\n<meta property=\"og:image\" content=\"https:\/\/pressel-nike.de\/wp-content\/uploads\/2021\/12\/brain-5966095_960_720.jpg\" \/>\n\t<meta property=\"og:image:width\" content=\"960\" \/>\n\t<meta property=\"og:image:height\" content=\"270\" \/>\n\t<meta property=\"og:image:type\" content=\"image\/jpeg\" \/>\n<meta name=\"twitter:card\" content=\"summary_large_image\" \/>\n<meta name=\"twitter:label1\" content=\"Gesch\u00e4tzte Lesezeit\" \/>\n\t<meta name=\"twitter:data1\" content=\"9\u00a0Minuten\" \/>\n<script type=\"application\/ld+json\" class=\"yoast-schema-graph\">{\"@context\":\"https:\/\/schema.org\",\"@graph\":[{\"@type\":\"WebPage\",\"@id\":\"https:\/\/pressel-nike.de\/?page_id=1395\",\"url\":\"https:\/\/pressel-nike.de\/?page_id=1395\",\"name\":\"Was nicht passt, wird passend gemacht! - Gisela Pressel Coaching &amp; Supervision\",\"isPartOf\":{\"@id\":\"https:\/\/pressel-nike.de\/#website\"},\"primaryImageOfPage\":{\"@id\":\"https:\/\/pressel-nike.de\/?page_id=1395#primaryimage\"},\"image\":{\"@id\":\"https:\/\/pressel-nike.de\/?page_id=1395#primaryimage\"},\"thumbnailUrl\":\"https:\/\/pressel-nike.de\/wp-content\/uploads\/2021\/12\/brain-5966095_960_720.jpg\",\"datePublished\":\"2022-10-13T20:22:27+00:00\",\"dateModified\":\"2022-12-12T20:56:44+00:00\",\"breadcrumb\":{\"@id\":\"https:\/\/pressel-nike.de\/?page_id=1395#breadcrumb\"},\"inLanguage\":\"de\",\"potentialAction\":[{\"@type\":\"ReadAction\",\"target\":[\"https:\/\/pressel-nike.de\/?page_id=1395\"]}]},{\"@type\":\"ImageObject\",\"inLanguage\":\"de\",\"@id\":\"https:\/\/pressel-nike.de\/?page_id=1395#primaryimage\",\"url\":\"https:\/\/pressel-nike.de\/wp-content\/uploads\/2021\/12\/brain-5966095_960_720.jpg\",\"contentUrl\":\"https:\/\/pressel-nike.de\/wp-content\/uploads\/2021\/12\/brain-5966095_960_720.jpg\",\"width\":960,\"height\":270},{\"@type\":\"BreadcrumbList\",\"@id\":\"https:\/\/pressel-nike.de\/?page_id=1395#breadcrumb\",\"itemListElement\":[{\"@type\":\"ListItem\",\"position\":1,\"name\":\"Startseite\",\"item\":\"https:\/\/pressel-nike.de\/\"},{\"@type\":\"ListItem\",\"position\":2,\"name\":\"Was nicht passt, wird passend gemacht!\"}]},{\"@type\":\"WebSite\",\"@id\":\"https:\/\/pressel-nike.de\/#website\",\"url\":\"https:\/\/pressel-nike.de\/\",\"name\":\"Gisela Pressel Coaching &amp; Supervision\",\"description\":\"N.I.K.E. - Neues Institut f\u00fcr Kommunikation und Erwachsenenbildung\",\"potentialAction\":[{\"@type\":\"SearchAction\",\"target\":{\"@type\":\"EntryPoint\",\"urlTemplate\":\"https:\/\/pressel-nike.de\/?s={search_term_string}\"},\"query-input\":\"required name=search_term_string\"}],\"inLanguage\":\"de\"}]}<\/script>\n<!-- \/ Yoast SEO plugin. -->","yoast_head_json":{"title":"Was nicht passt, wird passend gemacht! - Gisela Pressel Coaching &amp; Supervision","robots":{"index":"index","follow":"follow","max-snippet":"max-snippet:-1","max-image-preview":"max-image-preview:large","max-video-preview":"max-video-preview:-1"},"canonical":"https:\/\/pressel-nike.de\/?page_id=1395","og_locale":"de_DE","og_type":"article","og_title":"Was nicht passt, wird passend gemacht! - Gisela Pressel Coaching &amp; Supervision","og_description":"Beitrag von Richard Pressel, Organisationsberater und Managementcoach, Bruder v. Gisela Pressel \u201eWas nicht passt, wird passend gemacht!\u201cDen Spruch kennt jeder, der schon einmal handwerklich unterwegs gewesen ist. Was bei der &hellip; Was nicht passt, wird passend gemacht! weiterlesen","og_url":"https:\/\/pressel-nike.de\/?page_id=1395","og_site_name":"Gisela Pressel Coaching &amp; Supervision","article_modified_time":"2022-12-12T20:56:44+00:00","og_image":[{"width":960,"height":270,"url":"https:\/\/pressel-nike.de\/wp-content\/uploads\/2021\/12\/brain-5966095_960_720.jpg","type":"image\/jpeg"}],"twitter_card":"summary_large_image","twitter_misc":{"Gesch\u00e4tzte Lesezeit":"9\u00a0Minuten"},"schema":{"@context":"https:\/\/schema.org","@graph":[{"@type":"WebPage","@id":"https:\/\/pressel-nike.de\/?page_id=1395","url":"https:\/\/pressel-nike.de\/?page_id=1395","name":"Was nicht passt, wird passend gemacht! - Gisela Pressel Coaching &amp; Supervision","isPartOf":{"@id":"https:\/\/pressel-nike.de\/#website"},"primaryImageOfPage":{"@id":"https:\/\/pressel-nike.de\/?page_id=1395#primaryimage"},"image":{"@id":"https:\/\/pressel-nike.de\/?page_id=1395#primaryimage"},"thumbnailUrl":"https:\/\/pressel-nike.de\/wp-content\/uploads\/2021\/12\/brain-5966095_960_720.jpg","datePublished":"2022-10-13T20:22:27+00:00","dateModified":"2022-12-12T20:56:44+00:00","breadcrumb":{"@id":"https:\/\/pressel-nike.de\/?page_id=1395#breadcrumb"},"inLanguage":"de","potentialAction":[{"@type":"ReadAction","target":["https:\/\/pressel-nike.de\/?page_id=1395"]}]},{"@type":"ImageObject","inLanguage":"de","@id":"https:\/\/pressel-nike.de\/?page_id=1395#primaryimage","url":"https:\/\/pressel-nike.de\/wp-content\/uploads\/2021\/12\/brain-5966095_960_720.jpg","contentUrl":"https:\/\/pressel-nike.de\/wp-content\/uploads\/2021\/12\/brain-5966095_960_720.jpg","width":960,"height":270},{"@type":"BreadcrumbList","@id":"https:\/\/pressel-nike.de\/?page_id=1395#breadcrumb","itemListElement":[{"@type":"ListItem","position":1,"name":"Startseite","item":"https:\/\/pressel-nike.de\/"},{"@type":"ListItem","position":2,"name":"Was nicht passt, wird passend gemacht!"}]},{"@type":"WebSite","@id":"https:\/\/pressel-nike.de\/#website","url":"https:\/\/pressel-nike.de\/","name":"Gisela Pressel Coaching &amp; Supervision","description":"N.I.K.E. - Neues Institut f\u00fcr Kommunikation und Erwachsenenbildung","potentialAction":[{"@type":"SearchAction","target":{"@type":"EntryPoint","urlTemplate":"https:\/\/pressel-nike.de\/?s={search_term_string}"},"query-input":"required name=search_term_string"}],"inLanguage":"de"}]}},"_links":{"self":[{"href":"https:\/\/pressel-nike.de\/index.php?rest_route=\/wp\/v2\/pages\/1395","targetHints":{"allow":["GET"]}}],"collection":[{"href":"https:\/\/pressel-nike.de\/index.php?rest_route=\/wp\/v2\/pages"}],"about":[{"href":"https:\/\/pressel-nike.de\/index.php?rest_route=\/wp\/v2\/types\/page"}],"author":[{"embeddable":true,"href":"https:\/\/pressel-nike.de\/index.php?rest_route=\/wp\/v2\/users\/2"}],"replies":[{"embeddable":true,"href":"https:\/\/pressel-nike.de\/index.php?rest_route=%2Fwp%2Fv2%2Fcomments&post=1395"}],"version-history":[{"count":3,"href":"https:\/\/pressel-nike.de\/index.php?rest_route=\/wp\/v2\/pages\/1395\/revisions"}],"predecessor-version":[{"id":1421,"href":"https:\/\/pressel-nike.de\/index.php?rest_route=\/wp\/v2\/pages\/1395\/revisions\/1421"}],"wp:featuredmedia":[{"embeddable":true,"href":"https:\/\/pressel-nike.de\/index.php?rest_route=\/wp\/v2\/media\/1132"}],"wp:attachment":[{"href":"https:\/\/pressel-nike.de\/index.php?rest_route=%2Fwp%2Fv2%2Fmedia&parent=1395"}],"curies":[{"name":"wp","href":"https:\/\/api.w.org\/{rel}","templated":true}]}}