{"id":18,"date":"2020-11-27T10:11:10","date_gmt":"2020-11-27T10:11:10","guid":{"rendered":"https:\/\/pressel-nike.de\/?page_id=18"},"modified":"2024-05-13T12:56:46","modified_gmt":"2024-05-13T12:56:46","slug":"hauptseite","status":"publish","type":"page","link":"https:\/\/pressel-nike.de\/?page_id=18","title":{"rendered":"Coaching und Supervision weltweit!"},"content":{"rendered":"\n<p class=\"has-text-color has-medium-font-size\" style=\"color:#696142\">Im BLICK stehen:<\/p>\n\n\n\n<div class=\"wp-block-columns is-layout-flex wp-container-core-columns-is-layout-9d6595d7 wp-block-columns-is-layout-flex\">\n<div class=\"wp-block-column has-light-gray-background-color has-background is-layout-flow wp-block-column-is-layout-flow\">\n<p class=\"has-text-color\" style=\"color:#696142;font-size:25px\"><\/p>\n\n\n\n<p class=\"has-text-color\" style=\"color:#696142;font-size:30px\"><img loading=\"lazy\" decoding=\"async\" width=\"57\" height=\"50\" class=\"wp-image-272\" style=\"width: 57px;\" src=\"https:\/\/pressel-nike.de\/wp-content\/uploads\/2020\/11\/NIKE.png\" alt=\"N.I.K.E.-Institut f\u00fcr Kommunikation und Erwachsenenbildung\"><strong>Coaching<\/strong><\/p>\n\n\n\n<p class=\"has-light-gray-background-color has-text-color has-background has-medium-font-size\" style=\"color:#696142\"><strong>Einzelcoaching<\/strong><\/p>\n\n\n\n<p class=\"has-light-gray-background-color has-text-color has-background has-medium-font-size\" style=\"color:#696142\"><strong>Gruppen- \/ Teamcoaching<\/strong><\/p>\n\n\n\n<p class=\"has-text-color\" style=\"color:#696142;font-size:30px\"><img loading=\"lazy\" decoding=\"async\" width=\"57\" height=\"50\" class=\"wp-image-272\" style=\"width: 57px;\" src=\"https:\/\/pressel-nike.de\/wp-content\/uploads\/2020\/11\/NIKE.png\" alt=\"N.I.K.E.-Institut f\u00fcr Kommunikation und Erwachsenenbildung\"><strong>Supervision<\/strong><\/p>\n\n\n\n<p class=\"has-light-gray-background-color has-text-color has-background has-medium-font-size\" style=\"color:#696142\"><strong>  Einzel-Supervision <\/strong><\/p>\n\n\n\n<p class=\"has-light-gray-background-color has-text-color has-background has-medium-font-size\" style=\"color:#696142\"><strong>  Gruppen- \/Teamsupervision<\/strong><\/p>\n\n\n\n<p class=\"has-light-gray-background-color has-text-color has-background has-medium-font-size\" style=\"color:#696142\">  <strong>Leitungssupervision<\/strong><\/p>\n\n\n\n<p class=\"has-light-gray-background-color has-text-color has-background has-medium-font-size\" style=\"color:#696142\">  <strong>Lehrsupervision<\/strong><\/p>\n\n\n\n<p class=\"has-light-gray-background-color has-text-color has-background has-medium-font-size\" style=\"color:#696142\"><strong>Ausbildungssupervision<\/strong><\/p>\n<\/div>\n<\/div>\n\n\n\n<div class=\"wp-block-columns are-vertically-aligned-center is-layout-flex wp-container-core-columns-is-layout-9d6595d7 wp-block-columns-is-layout-flex\">\n<div class=\"wp-block-column is-vertically-aligned-center is-layout-flow wp-block-column-is-layout-flow\" style=\"flex-basis:100%\">\n<blockquote class=\"wp-block-quote is-layout-flow wp-block-quote-is-layout-flow\">\n<p>Nutzen Sie mein online &#8211; Coaching!<\/p>\n<\/blockquote>\n\n\n\n<p>Sie sind berufst\u00e4tig, viel unterwegs und m\u00f6chten flexibel, ortsunabh\u00e4ngig und zeitversetzt Ihr Coaching in Anspruch nehmen?<\/p>\n\n\n\n<p>Besonders hilfreich ist auch das Online-Coaching bei dringenden Anliegen, wenn Coach und Coach\u00e9e nicht am selben Ort sind, zum Beispiel w\u00e4hrend einer Dienstreise. Manche Coach\u00e9es bevorzugen auch generell, in ihren eigenen R\u00e4umlichkeiten zu bleiben.<\/p>\n\n\n\n<blockquote class=\"wp-block-quote is-layout-flow wp-block-quote-is-layout-flow\">\n<p>Ausbildungs-Supervision im Studium Soziale Arbeit ASH Berlin (Alice Salomon Hochschule) im Ausland<\/p>\n<\/blockquote>\n\n\n\n<p>Im Rahmen der Ausbildungs-Supervision des Studiums \u201eSoziale Arbeit\u201c in der ASH besteht f\u00fcr die Student:innen die M\u00f6glichkeit, ihr Praktikum im europ\u00e4ischen und au\u00dfereurop\u00e4ischen Ausland durchzuf\u00fchren. Dieses Praktikum wird begleitet durch 10 Sitzungen online-Supervision \u00e0 90 Minuten.<\/p>\n\n\n\n<p>Ich habe in den letzten Jahren unter anderem viele Student:Innen in ihren Auslandspraktikum online begleitet und dadurch selber spannende und auch neue, umfangreiche Erfahrungen aus dieser Zusammenarbeit mit den Student:Innen gewonnen.<\/p>\n\n\n\n<p class=\"has-white-color has-text-color has-background has-normal-font-size\" style=\"background-color:#b2a570\"> <strong><a href=\"https:\/\/pressel-nike.de\/?page_id=140\">Kostenfreies Erstgespr\u00e4ch: 0172 30 497 53 | pressel-nike@t-online.de<\/a> <\/strong><\/p>\n<\/div>\n<\/div>\n\n\n\n<div class=\"wp-block-buttons is-layout-flex wp-block-buttons-is-layout-flex\"><\/div>\n\n\n\n<p class=\"has-text-align-left\">&nbsp;<\/p>\n","protected":false},"excerpt":{"rendered":"<p>Im BLICK stehen: Coaching Einzelcoaching Gruppen- \/ Teamcoaching Supervision Einzel-Supervision Gruppen- \/Teamsupervision Leitungssupervision Lehrsupervision Ausbildungssupervision Nutzen Sie mein online &#8211; Coaching! Sie sind berufst\u00e4tig, viel unterwegs und m\u00f6chten flexibel, ortsunabh\u00e4ngig &hellip; <a href=\"https:\/\/pressel-nike.de\/?page_id=18\" class=\"more-link\"><span class=\"screen-reader-text\">Coaching und Supervision weltweit!<\/span> weiterlesen<\/a><\/p>\n","protected":false},"author":2,"featured_media":86,"parent":0,"menu_order":0,"comment_status":"closed","ping_status":"closed","template":"","meta":{"footnotes":""},"class_list":["post-18","page","type-page","status-publish","has-post-thumbnail","hentry"],"yoast_head":"<!-- This site is optimized with the Yoast SEO plugin v22.6 - https:\/\/yoast.com\/wordpress\/plugins\/seo\/ -->\n<title>Coaching und Supervision weltweit! - Gisela Pressel Coaching &amp; Supervision<\/title>\n<meta name=\"description\" content=\"Flexibles Online-Coaching und umfassende Supervision f\u00fcr Einzelne und Teams. Ideal f\u00fcr Berufst\u00e4tige, auch international w\u00e4hrend des Studiums.\" \/>\n<meta name=\"robots\" content=\"index, follow, max-snippet:-1, max-image-preview:large, max-video-preview:-1\" \/>\n<link rel=\"canonical\" href=\"https:\/\/pressel-nike.de\/?page_id=18\" \/>\n<meta property=\"og:locale\" content=\"de_DE\" \/>\n<meta property=\"og:type\" content=\"article\" \/>\n<meta property=\"og:title\" content=\"Coaching und Supervision weltweit! - Gisela Pressel Coaching &amp; Supervision\" \/>\n<meta property=\"og:description\" content=\"Flexibles Online-Coaching und umfassende Supervision f\u00fcr Einzelne und Teams. Ideal f\u00fcr Berufst\u00e4tige, auch international w\u00e4hrend des Studiums.\" \/>\n<meta property=\"og:url\" content=\"https:\/\/pressel-nike.de\/?page_id=18\" \/>\n<meta property=\"og:site_name\" content=\"Gisela Pressel Coaching &amp; Supervision\" \/>\n<meta property=\"article:modified_time\" content=\"2024-05-13T12:56:46+00:00\" \/>\n<meta property=\"og:image\" content=\"https:\/\/pressel-nike.de\/wp-content\/uploads\/2020\/11\/skype_weltweit_gisela_pressel.jpg\" \/>\n\t<meta property=\"og:image:width\" content=\"960\" \/>\n\t<meta property=\"og:image:height\" content=\"458\" \/>\n\t<meta property=\"og:image:type\" content=\"image\/jpeg\" \/>\n<meta name=\"twitter:card\" content=\"summary_large_image\" \/>\n<meta name=\"twitter:label1\" content=\"Gesch\u00e4tzte Lesezeit\" \/>\n\t<meta name=\"twitter:data1\" content=\"2\u00a0Minuten\" \/>\n<script type=\"application\/ld+json\" class=\"yoast-schema-graph\">{\"@context\":\"https:\/\/schema.org\",\"@graph\":[{\"@type\":\"WebPage\",\"@id\":\"https:\/\/pressel-nike.de\/?page_id=18\",\"url\":\"https:\/\/pressel-nike.de\/?page_id=18\",\"name\":\"Coaching und Supervision weltweit! - Gisela Pressel Coaching &amp; Supervision\",\"isPartOf\":{\"@id\":\"https:\/\/pressel-nike.de\/#website\"},\"primaryImageOfPage\":{\"@id\":\"https:\/\/pressel-nike.de\/?page_id=18#primaryimage\"},\"image\":{\"@id\":\"https:\/\/pressel-nike.de\/?page_id=18#primaryimage\"},\"thumbnailUrl\":\"https:\/\/pressel-nike.de\/wp-content\/uploads\/2020\/11\/skype_weltweit_gisela_pressel.jpg\",\"datePublished\":\"2020-11-27T10:11:10+00:00\",\"dateModified\":\"2024-05-13T12:56:46+00:00\",\"description\":\"Flexibles Online-Coaching und umfassende Supervision f\u00fcr Einzelne und Teams. Ideal f\u00fcr Berufst\u00e4tige, auch international w\u00e4hrend des Studiums.\",\"breadcrumb\":{\"@id\":\"https:\/\/pressel-nike.de\/?page_id=18#breadcrumb\"},\"inLanguage\":\"de\",\"potentialAction\":[{\"@type\":\"ReadAction\",\"target\":[\"https:\/\/pressel-nike.de\/?page_id=18\"]}]},{\"@type\":\"ImageObject\",\"inLanguage\":\"de\",\"@id\":\"https:\/\/pressel-nike.de\/?page_id=18#primaryimage\",\"url\":\"https:\/\/pressel-nike.de\/wp-content\/uploads\/2020\/11\/skype_weltweit_gisela_pressel.jpg\",\"contentUrl\":\"https:\/\/pressel-nike.de\/wp-content\/uploads\/2020\/11\/skype_weltweit_gisela_pressel.jpg\",\"width\":960,\"height\":458},{\"@type\":\"BreadcrumbList\",\"@id\":\"https:\/\/pressel-nike.de\/?page_id=18#breadcrumb\",\"itemListElement\":[{\"@type\":\"ListItem\",\"position\":1,\"name\":\"Startseite\",\"item\":\"https:\/\/pressel-nike.de\/\"},{\"@type\":\"ListItem\",\"position\":2,\"name\":\"Coaching und Supervision weltweit!\"}]},{\"@type\":\"WebSite\",\"@id\":\"https:\/\/pressel-nike.de\/#website\",\"url\":\"https:\/\/pressel-nike.de\/\",\"name\":\"Gisela Pressel Coaching &amp; Supervision\",\"description\":\"N.I.K.E. - Neues Institut f\u00fcr Kommunikation und Erwachsenenbildung\",\"potentialAction\":[{\"@type\":\"SearchAction\",\"target\":{\"@type\":\"EntryPoint\",\"urlTemplate\":\"https:\/\/pressel-nike.de\/?s={search_term_string}\"},\"query-input\":\"required name=search_term_string\"}],\"inLanguage\":\"de\"}]}<\/script>\n<!-- \/ Yoast SEO plugin. -->","yoast_head_json":{"title":"Coaching und Supervision weltweit! - Gisela Pressel Coaching &amp; Supervision","description":"Flexibles Online-Coaching und umfassende Supervision f\u00fcr Einzelne und Teams. Ideal f\u00fcr Berufst\u00e4tige, auch international w\u00e4hrend des Studiums.","robots":{"index":"index","follow":"follow","max-snippet":"max-snippet:-1","max-image-preview":"max-image-preview:large","max-video-preview":"max-video-preview:-1"},"canonical":"https:\/\/pressel-nike.de\/?page_id=18","og_locale":"de_DE","og_type":"article","og_title":"Coaching und Supervision weltweit! - Gisela Pressel Coaching &amp; Supervision","og_description":"Flexibles Online-Coaching und umfassende Supervision f\u00fcr Einzelne und Teams. Ideal f\u00fcr Berufst\u00e4tige, auch international w\u00e4hrend des Studiums.","og_url":"https:\/\/pressel-nike.de\/?page_id=18","og_site_name":"Gisela Pressel Coaching &amp; Supervision","article_modified_time":"2024-05-13T12:56:46+00:00","og_image":[{"width":960,"height":458,"url":"https:\/\/pressel-nike.de\/wp-content\/uploads\/2020\/11\/skype_weltweit_gisela_pressel.jpg","type":"image\/jpeg"}],"twitter_card":"summary_large_image","twitter_misc":{"Gesch\u00e4tzte Lesezeit":"2\u00a0Minuten"},"schema":{"@context":"https:\/\/schema.org","@graph":[{"@type":"WebPage","@id":"https:\/\/pressel-nike.de\/?page_id=18","url":"https:\/\/pressel-nike.de\/?page_id=18","name":"Coaching und Supervision weltweit! - Gisela Pressel Coaching &amp; Supervision","isPartOf":{"@id":"https:\/\/pressel-nike.de\/#website"},"primaryImageOfPage":{"@id":"https:\/\/pressel-nike.de\/?page_id=18#primaryimage"},"image":{"@id":"https:\/\/pressel-nike.de\/?page_id=18#primaryimage"},"thumbnailUrl":"https:\/\/pressel-nike.de\/wp-content\/uploads\/2020\/11\/skype_weltweit_gisela_pressel.jpg","datePublished":"2020-11-27T10:11:10+00:00","dateModified":"2024-05-13T12:56:46+00:00","description":"Flexibles Online-Coaching und umfassende Supervision f\u00fcr Einzelne und Teams. Ideal f\u00fcr Berufst\u00e4tige, auch international w\u00e4hrend des Studiums.","breadcrumb":{"@id":"https:\/\/pressel-nike.de\/?page_id=18#breadcrumb"},"inLanguage":"de","potentialAction":[{"@type":"ReadAction","target":["https:\/\/pressel-nike.de\/?page_id=18"]}]},{"@type":"ImageObject","inLanguage":"de","@id":"https:\/\/pressel-nike.de\/?page_id=18#primaryimage","url":"https:\/\/pressel-nike.de\/wp-content\/uploads\/2020\/11\/skype_weltweit_gisela_pressel.jpg","contentUrl":"https:\/\/pressel-nike.de\/wp-content\/uploads\/2020\/11\/skype_weltweit_gisela_pressel.jpg","width":960,"height":458},{"@type":"BreadcrumbList","@id":"https:\/\/pressel-nike.de\/?page_id=18#breadcrumb","itemListElement":[{"@type":"ListItem","position":1,"name":"Startseite","item":"https:\/\/pressel-nike.de\/"},{"@type":"ListItem","position":2,"name":"Coaching und Supervision weltweit!"}]},{"@type":"WebSite","@id":"https:\/\/pressel-nike.de\/#website","url":"https:\/\/pressel-nike.de\/","name":"Gisela Pressel Coaching &amp; Supervision","description":"N.I.K.E. - Neues Institut f\u00fcr Kommunikation und Erwachsenenbildung","potentialAction":[{"@type":"SearchAction","target":{"@type":"EntryPoint","urlTemplate":"https:\/\/pressel-nike.de\/?s={search_term_string}"},"query-input":"required name=search_term_string"}],"inLanguage":"de"}]}},"_links":{"self":[{"href":"https:\/\/pressel-nike.de\/index.php?rest_route=\/wp\/v2\/pages\/18","targetHints":{"allow":["GET"]}}],"collection":[{"href":"https:\/\/pressel-nike.de\/index.php?rest_route=\/wp\/v2\/pages"}],"about":[{"href":"https:\/\/pressel-nike.de\/index.php?rest_route=\/wp\/v2\/types\/page"}],"author":[{"embeddable":true,"href":"https:\/\/pressel-nike.de\/index.php?rest_route=\/wp\/v2\/users\/2"}],"replies":[{"embeddable":true,"href":"https:\/\/pressel-nike.de\/index.php?rest_route=%2Fwp%2Fv2%2Fcomments&post=18"}],"version-history":[{"count":117,"href":"https:\/\/pressel-nike.de\/index.php?rest_route=\/wp\/v2\/pages\/18\/revisions"}],"predecessor-version":[{"id":1428,"href":"https:\/\/pressel-nike.de\/index.php?rest_route=\/wp\/v2\/pages\/18\/revisions\/1428"}],"wp:featuredmedia":[{"embeddable":true,"href":"https:\/\/pressel-nike.de\/index.php?rest_route=\/wp\/v2\/media\/86"}],"wp:attachment":[{"href":"https:\/\/pressel-nike.de\/index.php?rest_route=%2Fwp%2Fv2%2Fmedia&parent=18"}],"curies":[{"name":"wp","href":"https:\/\/api.w.org\/{rel}","templated":true}]}}