{"id":376,"date":"2021-07-15T19:26:08","date_gmt":"2021-07-15T19:26:08","guid":{"rendered":"https:\/\/pressel-nike.de\/?page_id=376"},"modified":"2024-10-19T15:01:54","modified_gmt":"2024-10-19T15:01:54","slug":"__trashed-4","status":"publish","type":"page","link":"https:\/\/pressel-nike.de\/?page_id=376","title":{"rendered":"Mein Podcast"},"content":{"rendered":"\n<blockquote class=\"wp-block-quote is-layout-flow wp-block-quote-is-layout-flow\">\n<p><strong>Blickwechsel mit Gisela Pressel<\/strong><\/p>\n<cite><a href=\"https:\/\/pressel-nike.de\/?page_id=376#:~:text=Anchor-Website%20%E2%80%9EBlickwechsel%20mit%20Gisela%20Pressel%E2%80%9C%20%7C%20spotify.com\"><strong>Anchor-Website<\/strong> \u201eBlickwechsel mit Gisela Pressel\u201c | <strong>spotify.com<\/strong><\/a><\/cite><\/blockquote>\n\n\n\n<p>F\u00fcr mich ein ganz neues, aufregendes Gebiet: Mein neuer Podcast f\u00fcr Sie mit Beitr\u00e4gen rund um meine Kund:innen, insbesondere f\u00fcr Berufst\u00e4tige um die Lebensmitte. <\/p>\n\n\n\n<p>Als Verfechterin des lebenslangen Lernens habe ich mich selbst an das Neue, meinen eigenen Podcast \u201eBlickwechsel mit Gisela Pressel\u201c &nbsp;gewagt und freue mich, Ihnen durch meine Episoden anregende Gedanken f\u00fcr Ihre eigene\/ pers\u00f6nliche berufsbezogene Lebensgestaltung zu geben.<\/p>\n\n\n\n<p>Nehmen Sie sich ein paar Minuten Zeit und entschwinden Sie kurz dem Alltag.<\/p>\n\n\n\n<p>Ich freue mich \u00fcber Ihren Besuch!<\/p>\n\n\n\n<p class=\"has-white-color has-text-color has-background\" style=\"background-color:#b2a87e\"><a href=\"https:\/\/anchor.fm\/Blickwechsel\" target=\"_blank\" rel=\"noreferrer noopener\"><strong>https:\/\/anchor.fm\/Blickwechsel<\/strong><\/a><\/p>\n\n\n\n<p class=\"has-dark-gray-color has-text-color has-link-color wp-elements-f83c7a1dad012e1ee1ff5f5a00c14465\">12. <a href=\"https:\/\/open.spotify.com\/episode\/5SdbzTbKG4u4WALtuYCf7h\">Und das ist mein Leben<\/a><\/p>\n\n\n\n<p class=\"has-dark-gray-color has-text-color has-link-color wp-elements-b51590b0527edd333870f0e60639a7d4\">11. <a href=\"https:\/\/open.spotify.com\/episode\/1MKXSCq2IhUQH9nfAD0bWt\">Wie bleibe ich gesund? Wie erhalte ich Energie und Wohlbefinden?<\/a><\/p>\n\n\n\n<p class=\"has-dark-gray-color has-text-color\">10. <a href=\"https:\/\/open.spotify.com\/episode\/11xgQYPMZUOvXcbvAzsB2P\">Die Intelligenz der Gef\u00fchle II. Teil<\/a><\/p>\n\n\n\n<p class=\"has-dark-gray-color has-text-color\">9. <a href=\"https:\/\/open.spotify.com\/episode\/2zYw3rGFgacUq9JyZ89K0F\">Die Intelligenz der Gef\u00fchle<\/a><\/p>\n\n\n\n<p class=\"has-dark-gray-color has-text-color\">8. <a href=\"https:\/\/anchor.fm\/blickwechsel\/episodes\/Neustart-in-der-beruflichen-Lebensmitte-e1r3e0c\">Neustart in der beruflichen Lebensmitte<\/a><\/p>\n\n\n\n<p class=\"has-dark-gray-color has-text-color\">7. <a href=\"https:\/\/anchor.fm\/Blickwechsel\">Blick &#8211; Richtung &#8211; Zukunft<\/a><\/p>\n\n\n\n<p class=\"has-dark-gray-color has-text-color\">6. <a href=\"https:\/\/anchor.fm\/blickwechsel\/episodes\/Wie-der-Frhling-zurckkehrt-und-unsere-Freundschaften-beflgelt-e1erro0\">Wie der Fr\u00fchling zur\u00fcckkehrt und unsere Freundschaften befl\u00fcgelt<\/a><\/p>\n\n\n\n<p class=\"has-dark-gray-color has-text-color\">5. <a href=\"https:\/\/anchor.fm\/blickwechsel\/episodes\/Eine-atemberaubende-Erkenntnis-fr-die-II--Lebenshlfte-e17gn5h\">Eine atemberaubende Erkenntnis f\u00fcr die II. Lebensh\u00e4lfte<\/a><\/p>\n\n\n\n<p class=\"has-dark-gray-color has-text-color\">4. <a href=\"https:\/\/anchor.fm\/blickwechsel\/episodes\/Beruflicher-Weg-und-Apfelfaktor-epppkt\">Beruflicher Weg und Apfelfaktor<\/a><\/p>\n\n\n\n<p class=\"has-dark-gray-color has-text-color\">3. <a href=\"https:\/\/anchor.fm\/blickwechsel\/episodes\/Perspektiven-in-der-Lebensmitte-emb3k7\">Perspektiven in der Lebensmitte!<\/a><\/p>\n\n\n\n<p class=\"has-dark-gray-color has-text-color\">2. <a href=\"https:\/\/anchor.fm\/blickwechsel\/episodes\/Lernen--Verndern--Lebenslang-eimf1u\">Lernen \u2013 Ver\u00e4ndern \u2013 Lebenslang!<\/a><\/p>\n\n\n\n<p class=\"has-dark-gray-color has-text-color\">1. <a href=\"https:\/\/anchor.fm\/blickwechsel\/episodes\/Wer-bin-ich--Selbstprsentation-eihl52\">Wer bin ich? Selbstpr\u00e4sentation<\/a><\/p>\n","protected":false},"excerpt":{"rendered":"<p>Blickwechsel mit Gisela Pressel Anchor-Website \u201eBlickwechsel mit Gisela Pressel\u201c | spotify.com F\u00fcr mich ein ganz neues, aufregendes Gebiet: Mein neuer Podcast f\u00fcr Sie mit Beitr\u00e4gen rund um meine Kund:innen, insbesondere &hellip; <a href=\"https:\/\/pressel-nike.de\/?page_id=376\" class=\"more-link\"><span class=\"screen-reader-text\">Mein Podcast<\/span> weiterlesen<\/a><\/p>\n","protected":false},"author":2,"featured_media":1227,"parent":0,"menu_order":0,"comment_status":"closed","ping_status":"closed","template":"","meta":{"footnotes":""},"class_list":["post-376","page","type-page","status-publish","has-post-thumbnail","hentry"],"yoast_head":"<!-- This site is optimized with the Yoast SEO plugin v22.6 - https:\/\/yoast.com\/wordpress\/plugins\/seo\/ -->\n<title>Mein Podcast - Gisela Pressel Coaching &amp; Supervision<\/title>\n<meta name=\"description\" content=\"Neuer Podcast &#039;Blickwechsel mit Gisela Pressel&#039; bietet Inspiration f\u00fcr Berufst\u00e4tige um die Lebensmitte. G\u00f6nnen Sie sich eine Auszeit!\" \/>\n<meta name=\"robots\" content=\"index, follow, max-snippet:-1, max-image-preview:large, max-video-preview:-1\" \/>\n<link rel=\"canonical\" href=\"https:\/\/pressel-nike.de\/?page_id=376\" \/>\n<meta property=\"og:locale\" content=\"de_DE\" \/>\n<meta property=\"og:type\" content=\"article\" \/>\n<meta property=\"og:title\" content=\"Mein Podcast - Gisela Pressel Coaching &amp; Supervision\" \/>\n<meta property=\"og:description\" content=\"Neuer Podcast &#039;Blickwechsel mit Gisela Pressel&#039; bietet Inspiration f\u00fcr Berufst\u00e4tige um die Lebensmitte. G\u00f6nnen Sie sich eine Auszeit!\" \/>\n<meta property=\"og:url\" content=\"https:\/\/pressel-nike.de\/?page_id=376\" \/>\n<meta property=\"og:site_name\" content=\"Gisela Pressel Coaching &amp; Supervision\" \/>\n<meta property=\"article:modified_time\" content=\"2024-10-19T15:01:54+00:00\" \/>\n<meta property=\"og:image\" content=\"https:\/\/pressel-nike.de\/wp-content\/uploads\/2022\/01\/Button-Podcast-Augen-.png\" \/>\n\t<meta property=\"og:image:width\" content=\"300\" \/>\n\t<meta property=\"og:image:height\" content=\"300\" \/>\n\t<meta property=\"og:image:type\" content=\"image\/png\" \/>\n<meta name=\"twitter:card\" content=\"summary_large_image\" \/>\n<meta name=\"twitter:label1\" content=\"Gesch\u00e4tzte Lesezeit\" \/>\n\t<meta name=\"twitter:data1\" content=\"2\u00a0Minuten\" \/>\n<script type=\"application\/ld+json\" class=\"yoast-schema-graph\">{\"@context\":\"https:\/\/schema.org\",\"@graph\":[{\"@type\":\"WebPage\",\"@id\":\"https:\/\/pressel-nike.de\/?page_id=376\",\"url\":\"https:\/\/pressel-nike.de\/?page_id=376\",\"name\":\"Mein Podcast - Gisela Pressel Coaching &amp; Supervision\",\"isPartOf\":{\"@id\":\"https:\/\/pressel-nike.de\/#website\"},\"primaryImageOfPage\":{\"@id\":\"https:\/\/pressel-nike.de\/?page_id=376#primaryimage\"},\"image\":{\"@id\":\"https:\/\/pressel-nike.de\/?page_id=376#primaryimage\"},\"thumbnailUrl\":\"https:\/\/pressel-nike.de\/wp-content\/uploads\/2022\/01\/Button-Podcast-Augen-.png\",\"datePublished\":\"2021-07-15T19:26:08+00:00\",\"dateModified\":\"2024-10-19T15:01:54+00:00\",\"description\":\"Neuer Podcast 'Blickwechsel mit Gisela Pressel' bietet Inspiration f\u00fcr Berufst\u00e4tige um die Lebensmitte. G\u00f6nnen Sie sich eine Auszeit!\",\"breadcrumb\":{\"@id\":\"https:\/\/pressel-nike.de\/?page_id=376#breadcrumb\"},\"inLanguage\":\"de\",\"potentialAction\":[{\"@type\":\"ReadAction\",\"target\":[\"https:\/\/pressel-nike.de\/?page_id=376\"]}]},{\"@type\":\"ImageObject\",\"inLanguage\":\"de\",\"@id\":\"https:\/\/pressel-nike.de\/?page_id=376#primaryimage\",\"url\":\"https:\/\/pressel-nike.de\/wp-content\/uploads\/2022\/01\/Button-Podcast-Augen-.png\",\"contentUrl\":\"https:\/\/pressel-nike.de\/wp-content\/uploads\/2022\/01\/Button-Podcast-Augen-.png\",\"width\":300,\"height\":300},{\"@type\":\"BreadcrumbList\",\"@id\":\"https:\/\/pressel-nike.de\/?page_id=376#breadcrumb\",\"itemListElement\":[{\"@type\":\"ListItem\",\"position\":1,\"name\":\"Startseite\",\"item\":\"https:\/\/pressel-nike.de\/\"},{\"@type\":\"ListItem\",\"position\":2,\"name\":\"Mein Podcast\"}]},{\"@type\":\"WebSite\",\"@id\":\"https:\/\/pressel-nike.de\/#website\",\"url\":\"https:\/\/pressel-nike.de\/\",\"name\":\"Gisela Pressel Coaching &amp; Supervision\",\"description\":\"N.I.K.E. - Neues Institut f\u00fcr Kommunikation und Erwachsenenbildung\",\"potentialAction\":[{\"@type\":\"SearchAction\",\"target\":{\"@type\":\"EntryPoint\",\"urlTemplate\":\"https:\/\/pressel-nike.de\/?s={search_term_string}\"},\"query-input\":\"required name=search_term_string\"}],\"inLanguage\":\"de\"}]}<\/script>\n<!-- \/ Yoast SEO plugin. -->","yoast_head_json":{"title":"Mein Podcast - Gisela Pressel Coaching &amp; Supervision","description":"Neuer Podcast 'Blickwechsel mit Gisela Pressel' bietet Inspiration f\u00fcr Berufst\u00e4tige um die Lebensmitte. G\u00f6nnen Sie sich eine Auszeit!","robots":{"index":"index","follow":"follow","max-snippet":"max-snippet:-1","max-image-preview":"max-image-preview:large","max-video-preview":"max-video-preview:-1"},"canonical":"https:\/\/pressel-nike.de\/?page_id=376","og_locale":"de_DE","og_type":"article","og_title":"Mein Podcast - Gisela Pressel Coaching &amp; Supervision","og_description":"Neuer Podcast 'Blickwechsel mit Gisela Pressel' bietet Inspiration f\u00fcr Berufst\u00e4tige um die Lebensmitte. G\u00f6nnen Sie sich eine Auszeit!","og_url":"https:\/\/pressel-nike.de\/?page_id=376","og_site_name":"Gisela Pressel Coaching &amp; Supervision","article_modified_time":"2024-10-19T15:01:54+00:00","og_image":[{"width":300,"height":300,"url":"https:\/\/pressel-nike.de\/wp-content\/uploads\/2022\/01\/Button-Podcast-Augen-.png","type":"image\/png"}],"twitter_card":"summary_large_image","twitter_misc":{"Gesch\u00e4tzte Lesezeit":"2\u00a0Minuten"},"schema":{"@context":"https:\/\/schema.org","@graph":[{"@type":"WebPage","@id":"https:\/\/pressel-nike.de\/?page_id=376","url":"https:\/\/pressel-nike.de\/?page_id=376","name":"Mein Podcast - Gisela Pressel Coaching &amp; Supervision","isPartOf":{"@id":"https:\/\/pressel-nike.de\/#website"},"primaryImageOfPage":{"@id":"https:\/\/pressel-nike.de\/?page_id=376#primaryimage"},"image":{"@id":"https:\/\/pressel-nike.de\/?page_id=376#primaryimage"},"thumbnailUrl":"https:\/\/pressel-nike.de\/wp-content\/uploads\/2022\/01\/Button-Podcast-Augen-.png","datePublished":"2021-07-15T19:26:08+00:00","dateModified":"2024-10-19T15:01:54+00:00","description":"Neuer Podcast 'Blickwechsel mit Gisela Pressel' bietet Inspiration f\u00fcr Berufst\u00e4tige um die Lebensmitte. G\u00f6nnen Sie sich eine Auszeit!","breadcrumb":{"@id":"https:\/\/pressel-nike.de\/?page_id=376#breadcrumb"},"inLanguage":"de","potentialAction":[{"@type":"ReadAction","target":["https:\/\/pressel-nike.de\/?page_id=376"]}]},{"@type":"ImageObject","inLanguage":"de","@id":"https:\/\/pressel-nike.de\/?page_id=376#primaryimage","url":"https:\/\/pressel-nike.de\/wp-content\/uploads\/2022\/01\/Button-Podcast-Augen-.png","contentUrl":"https:\/\/pressel-nike.de\/wp-content\/uploads\/2022\/01\/Button-Podcast-Augen-.png","width":300,"height":300},{"@type":"BreadcrumbList","@id":"https:\/\/pressel-nike.de\/?page_id=376#breadcrumb","itemListElement":[{"@type":"ListItem","position":1,"name":"Startseite","item":"https:\/\/pressel-nike.de\/"},{"@type":"ListItem","position":2,"name":"Mein Podcast"}]},{"@type":"WebSite","@id":"https:\/\/pressel-nike.de\/#website","url":"https:\/\/pressel-nike.de\/","name":"Gisela Pressel Coaching &amp; Supervision","description":"N.I.K.E. - Neues Institut f\u00fcr Kommunikation und Erwachsenenbildung","potentialAction":[{"@type":"SearchAction","target":{"@type":"EntryPoint","urlTemplate":"https:\/\/pressel-nike.de\/?s={search_term_string}"},"query-input":"required name=search_term_string"}],"inLanguage":"de"}]}},"_links":{"self":[{"href":"https:\/\/pressel-nike.de\/index.php?rest_route=\/wp\/v2\/pages\/376","targetHints":{"allow":["GET"]}}],"collection":[{"href":"https:\/\/pressel-nike.de\/index.php?rest_route=\/wp\/v2\/pages"}],"about":[{"href":"https:\/\/pressel-nike.de\/index.php?rest_route=\/wp\/v2\/types\/page"}],"author":[{"embeddable":true,"href":"https:\/\/pressel-nike.de\/index.php?rest_route=\/wp\/v2\/users\/2"}],"replies":[{"embeddable":true,"href":"https:\/\/pressel-nike.de\/index.php?rest_route=%2Fwp%2Fv2%2Fcomments&post=376"}],"version-history":[{"count":28,"href":"https:\/\/pressel-nike.de\/index.php?rest_route=\/wp\/v2\/pages\/376\/revisions"}],"predecessor-version":[{"id":1451,"href":"https:\/\/pressel-nike.de\/index.php?rest_route=\/wp\/v2\/pages\/376\/revisions\/1451"}],"wp:featuredmedia":[{"embeddable":true,"href":"https:\/\/pressel-nike.de\/index.php?rest_route=\/wp\/v2\/media\/1227"}],"wp:attachment":[{"href":"https:\/\/pressel-nike.de\/index.php?rest_route=%2Fwp%2Fv2%2Fmedia&parent=376"}],"curies":[{"name":"wp","href":"https:\/\/api.w.org\/{rel}","templated":true}]}}