{"id":66,"date":"2020-11-27T11:10:30","date_gmt":"2020-11-27T11:10:30","guid":{"rendered":"https:\/\/pressel-nike.de\/?page_id=66"},"modified":"2024-05-13T12:55:07","modified_gmt":"2024-05-13T12:55:07","slug":"coaching","status":"publish","type":"page","link":"https:\/\/pressel-nike.de\/?page_id=66","title":{"rendered":"Coaching &#038; Supervision"},"content":{"rendered":"<p>Coaching und Supervision sind <strong>berufsbezogene Beratungsformen<\/strong>.<\/p>\n<blockquote><p><span style=\"text-decoration: underline;\"><strong>Coaching <\/strong><\/span>ist eine Form der Beratung zur Weiterentwicklung und Stabilisierung von F\u00fchrungskr\u00e4ften bzw. Entscheidungstr\u00e4gern im Businessbereich. Im Coaching steht die individuelle, pers\u00f6nliche Entwicklung im Vordergrund.<\/p><\/blockquote>\n<p><span dir=\"ltr\" role=\"presentation\">Das <strong>Businesscoaching<\/strong> f\u00fchrt Sie durch die Themen<\/span><\/p>\n<ul style=\"list-style-type: square;\">\n<li><span dir=\"ltr\" role=\"presentation\">F\u00fchrungsaufgaben<\/span><\/li>\n<li><span dir=\"ltr\" role=\"presentation\">Mitarbeiterf\u00fchrung<\/span><\/li>\n<li><span dir=\"ltr\" role=\"presentation\">Organisationsstrukturen <\/span>bis hin zu<\/li>\n<li>Ihrer <span dir=\"ltr\" style=\"font-size: revert;\" role=\"presentation\">pers\u00f6nlichen Work-Live-Balance<\/span><span dir=\"ltr\" style=\"font-size: revert;\" role=\"presentation\">.<\/span><\/li>\n<\/ul>\n<blockquote><p><span style=\"text-decoration: underline;\"><strong>Supervision<\/strong> <\/span>bedeutet &#8222;etwas von oben her \u00fcberblicken&#8220;. In einem meist l\u00e4nger geplanten Beratungsprozess wird die Rolle des Einzelnen, die Teamentwicklung, vorgegebene Ziele und beruflichen Handeln reflektiert.<\/p>\n<p>Supervision richtet sich insbesondere an Mitarbeiter:innen von <strong>Berufsgruppen<\/strong>, welche mit Menschen <strong>in schwierigen Lebenssituationen<\/strong> wie Sucht, Pflege und Behinderungen arbeiten bzw. sie betreuen.<\/p><\/blockquote>\n<div class=\"page\" role=\"region\" data-page-number=\"4\" aria-label=\"Seite 4\" data-loaded=\"true\">\n<div class=\"textLayer\"><span dir=\"ltr\" role=\"presentation\"><strong>Coaching<\/strong> und <strong>Supervision<\/strong> <\/span><span dir=\"ltr\" role=\"presentation\">haben Sie als Person, <\/span><span dir=\"ltr\" role=\"presentation\">Ihre berufliche Rolle, Ihre Kund:innen bzw. <\/span><span dir=\"ltr\" role=\"presentation\">Klient:innen und Ihre Organisation im Blick.<\/span><\/p>\n<div class=\"endOfContent\"><\/div>\n<\/div>\n<\/div>\n<div class=\"page\" role=\"region\" data-page-number=\"5\" aria-label=\"Seite 5\" data-loaded=\"true\">\n<div class=\"canvasWrapper\"><\/div>\n<div class=\"textLayer\"><\/div>\n<\/div>\n","protected":false},"excerpt":{"rendered":"<p>Coaching und Supervision sind berufsbezogene Beratungsformen. Coaching ist eine Form der Beratung zur Weiterentwicklung und Stabilisierung von F\u00fchrungskr\u00e4ften bzw. Entscheidungstr\u00e4gern im Businessbereich. Im Coaching steht die individuelle, pers\u00f6nliche Entwicklung im &hellip; <a href=\"https:\/\/pressel-nike.de\/?page_id=66\" class=\"more-link\"><span class=\"screen-reader-text\">Coaching &#038; Supervision<\/span> weiterlesen<\/a><\/p>\n","protected":false},"author":1,"featured_media":272,"parent":0,"menu_order":0,"comment_status":"closed","ping_status":"closed","template":"","meta":{"footnotes":""},"class_list":["post-66","page","type-page","status-publish","has-post-thumbnail","hentry"],"yoast_head":"<!-- This site is optimized with the Yoast SEO plugin v22.6 - https:\/\/yoast.com\/wordpress\/plugins\/seo\/ -->\n<title>Coaching &amp; Supervision - Gisela Pressel Coaching &amp; Supervision<\/title>\n<meta name=\"description\" content=\"Professionelles Coaching und Supervision unterst\u00fctzen Ihre Entwicklung und F\u00fchrungsqualit\u00e4ten, f\u00f6rdern Teamdynamik und Work-Life-Balance.\" \/>\n<meta name=\"robots\" content=\"index, follow, max-snippet:-1, max-image-preview:large, max-video-preview:-1\" \/>\n<link rel=\"canonical\" href=\"https:\/\/pressel-nike.de\/?page_id=66\" \/>\n<meta property=\"og:locale\" content=\"de_DE\" \/>\n<meta property=\"og:type\" content=\"article\" \/>\n<meta property=\"og:title\" content=\"Coaching &amp; Supervision - Gisela Pressel Coaching &amp; Supervision\" \/>\n<meta property=\"og:description\" content=\"Professionelles Coaching und Supervision unterst\u00fctzen Ihre Entwicklung und F\u00fchrungsqualit\u00e4ten, f\u00f6rdern Teamdynamik und Work-Life-Balance.\" \/>\n<meta property=\"og:url\" content=\"https:\/\/pressel-nike.de\/?page_id=66\" \/>\n<meta property=\"og:site_name\" content=\"Gisela Pressel Coaching &amp; Supervision\" \/>\n<meta property=\"article:modified_time\" content=\"2024-05-13T12:55:07+00:00\" \/>\n<meta property=\"og:image\" content=\"https:\/\/pressel-nike.de\/wp-content\/uploads\/2020\/11\/NIKE.png\" \/>\n\t<meta property=\"og:image:width\" content=\"57\" \/>\n\t<meta property=\"og:image:height\" content=\"50\" \/>\n\t<meta property=\"og:image:type\" content=\"image\/png\" \/>\n<meta name=\"twitter:card\" content=\"summary_large_image\" \/>\n<meta name=\"twitter:label1\" content=\"Gesch\u00e4tzte Lesezeit\" \/>\n\t<meta name=\"twitter:data1\" content=\"1\u00a0Minute\" \/>\n<script type=\"application\/ld+json\" class=\"yoast-schema-graph\">{\"@context\":\"https:\/\/schema.org\",\"@graph\":[{\"@type\":\"WebPage\",\"@id\":\"https:\/\/pressel-nike.de\/?page_id=66\",\"url\":\"https:\/\/pressel-nike.de\/?page_id=66\",\"name\":\"Coaching & Supervision - Gisela Pressel Coaching &amp; Supervision\",\"isPartOf\":{\"@id\":\"https:\/\/pressel-nike.de\/#website\"},\"primaryImageOfPage\":{\"@id\":\"https:\/\/pressel-nike.de\/?page_id=66#primaryimage\"},\"image\":{\"@id\":\"https:\/\/pressel-nike.de\/?page_id=66#primaryimage\"},\"thumbnailUrl\":\"https:\/\/pressel-nike.de\/wp-content\/uploads\/2020\/11\/NIKE.png\",\"datePublished\":\"2020-11-27T11:10:30+00:00\",\"dateModified\":\"2024-05-13T12:55:07+00:00\",\"description\":\"Professionelles Coaching und Supervision unterst\u00fctzen Ihre Entwicklung und F\u00fchrungsqualit\u00e4ten, f\u00f6rdern Teamdynamik und Work-Life-Balance.\",\"breadcrumb\":{\"@id\":\"https:\/\/pressel-nike.de\/?page_id=66#breadcrumb\"},\"inLanguage\":\"de\",\"potentialAction\":[{\"@type\":\"ReadAction\",\"target\":[\"https:\/\/pressel-nike.de\/?page_id=66\"]}]},{\"@type\":\"ImageObject\",\"inLanguage\":\"de\",\"@id\":\"https:\/\/pressel-nike.de\/?page_id=66#primaryimage\",\"url\":\"https:\/\/pressel-nike.de\/wp-content\/uploads\/2020\/11\/NIKE.png\",\"contentUrl\":\"https:\/\/pressel-nike.de\/wp-content\/uploads\/2020\/11\/NIKE.png\",\"width\":57,\"height\":50,\"caption\":\"N.I.K.E.-Institut f\u00fcr Kommunikation und Erwachsenenbildung\"},{\"@type\":\"BreadcrumbList\",\"@id\":\"https:\/\/pressel-nike.de\/?page_id=66#breadcrumb\",\"itemListElement\":[{\"@type\":\"ListItem\",\"position\":1,\"name\":\"Startseite\",\"item\":\"https:\/\/pressel-nike.de\/\"},{\"@type\":\"ListItem\",\"position\":2,\"name\":\"Coaching &#038; Supervision\"}]},{\"@type\":\"WebSite\",\"@id\":\"https:\/\/pressel-nike.de\/#website\",\"url\":\"https:\/\/pressel-nike.de\/\",\"name\":\"Gisela Pressel Coaching &amp; Supervision\",\"description\":\"N.I.K.E. - Neues Institut f\u00fcr Kommunikation und Erwachsenenbildung\",\"potentialAction\":[{\"@type\":\"SearchAction\",\"target\":{\"@type\":\"EntryPoint\",\"urlTemplate\":\"https:\/\/pressel-nike.de\/?s={search_term_string}\"},\"query-input\":\"required name=search_term_string\"}],\"inLanguage\":\"de\"}]}<\/script>\n<!-- \/ Yoast SEO plugin. -->","yoast_head_json":{"title":"Coaching & Supervision - Gisela Pressel Coaching &amp; Supervision","description":"Professionelles Coaching und Supervision unterst\u00fctzen Ihre Entwicklung und F\u00fchrungsqualit\u00e4ten, f\u00f6rdern Teamdynamik und Work-Life-Balance.","robots":{"index":"index","follow":"follow","max-snippet":"max-snippet:-1","max-image-preview":"max-image-preview:large","max-video-preview":"max-video-preview:-1"},"canonical":"https:\/\/pressel-nike.de\/?page_id=66","og_locale":"de_DE","og_type":"article","og_title":"Coaching & Supervision - Gisela Pressel Coaching &amp; Supervision","og_description":"Professionelles Coaching und Supervision unterst\u00fctzen Ihre Entwicklung und F\u00fchrungsqualit\u00e4ten, f\u00f6rdern Teamdynamik und Work-Life-Balance.","og_url":"https:\/\/pressel-nike.de\/?page_id=66","og_site_name":"Gisela Pressel Coaching &amp; Supervision","article_modified_time":"2024-05-13T12:55:07+00:00","og_image":[{"width":57,"height":50,"url":"https:\/\/pressel-nike.de\/wp-content\/uploads\/2020\/11\/NIKE.png","type":"image\/png"}],"twitter_card":"summary_large_image","twitter_misc":{"Gesch\u00e4tzte Lesezeit":"1\u00a0Minute"},"schema":{"@context":"https:\/\/schema.org","@graph":[{"@type":"WebPage","@id":"https:\/\/pressel-nike.de\/?page_id=66","url":"https:\/\/pressel-nike.de\/?page_id=66","name":"Coaching & Supervision - Gisela Pressel Coaching &amp; Supervision","isPartOf":{"@id":"https:\/\/pressel-nike.de\/#website"},"primaryImageOfPage":{"@id":"https:\/\/pressel-nike.de\/?page_id=66#primaryimage"},"image":{"@id":"https:\/\/pressel-nike.de\/?page_id=66#primaryimage"},"thumbnailUrl":"https:\/\/pressel-nike.de\/wp-content\/uploads\/2020\/11\/NIKE.png","datePublished":"2020-11-27T11:10:30+00:00","dateModified":"2024-05-13T12:55:07+00:00","description":"Professionelles Coaching und Supervision unterst\u00fctzen Ihre Entwicklung und F\u00fchrungsqualit\u00e4ten, f\u00f6rdern Teamdynamik und Work-Life-Balance.","breadcrumb":{"@id":"https:\/\/pressel-nike.de\/?page_id=66#breadcrumb"},"inLanguage":"de","potentialAction":[{"@type":"ReadAction","target":["https:\/\/pressel-nike.de\/?page_id=66"]}]},{"@type":"ImageObject","inLanguage":"de","@id":"https:\/\/pressel-nike.de\/?page_id=66#primaryimage","url":"https:\/\/pressel-nike.de\/wp-content\/uploads\/2020\/11\/NIKE.png","contentUrl":"https:\/\/pressel-nike.de\/wp-content\/uploads\/2020\/11\/NIKE.png","width":57,"height":50,"caption":"N.I.K.E.-Institut f\u00fcr Kommunikation und Erwachsenenbildung"},{"@type":"BreadcrumbList","@id":"https:\/\/pressel-nike.de\/?page_id=66#breadcrumb","itemListElement":[{"@type":"ListItem","position":1,"name":"Startseite","item":"https:\/\/pressel-nike.de\/"},{"@type":"ListItem","position":2,"name":"Coaching &#038; Supervision"}]},{"@type":"WebSite","@id":"https:\/\/pressel-nike.de\/#website","url":"https:\/\/pressel-nike.de\/","name":"Gisela Pressel Coaching &amp; Supervision","description":"N.I.K.E. - Neues Institut f\u00fcr Kommunikation und Erwachsenenbildung","potentialAction":[{"@type":"SearchAction","target":{"@type":"EntryPoint","urlTemplate":"https:\/\/pressel-nike.de\/?s={search_term_string}"},"query-input":"required name=search_term_string"}],"inLanguage":"de"}]}},"_links":{"self":[{"href":"https:\/\/pressel-nike.de\/index.php?rest_route=\/wp\/v2\/pages\/66","targetHints":{"allow":["GET"]}}],"collection":[{"href":"https:\/\/pressel-nike.de\/index.php?rest_route=\/wp\/v2\/pages"}],"about":[{"href":"https:\/\/pressel-nike.de\/index.php?rest_route=\/wp\/v2\/types\/page"}],"author":[{"embeddable":true,"href":"https:\/\/pressel-nike.de\/index.php?rest_route=\/wp\/v2\/users\/1"}],"replies":[{"embeddable":true,"href":"https:\/\/pressel-nike.de\/index.php?rest_route=%2Fwp%2Fv2%2Fcomments&post=66"}],"version-history":[{"count":36,"href":"https:\/\/pressel-nike.de\/index.php?rest_route=\/wp\/v2\/pages\/66\/revisions"}],"predecessor-version":[{"id":1290,"href":"https:\/\/pressel-nike.de\/index.php?rest_route=\/wp\/v2\/pages\/66\/revisions\/1290"}],"wp:featuredmedia":[{"embeddable":true,"href":"https:\/\/pressel-nike.de\/index.php?rest_route=\/wp\/v2\/media\/272"}],"wp:attachment":[{"href":"https:\/\/pressel-nike.de\/index.php?rest_route=%2Fwp%2Fv2%2Fmedia&parent=66"}],"curies":[{"name":"wp","href":"https:\/\/api.w.org\/{rel}","templated":true}]}}